r when 108 is divided by d?
20
Let a(q) = 5*q + 17. Let t(h) = -6*h - 18. Let p(n) = 5*a(n) + 4*t(n). What is the remainder when 29 is divided by p(-8)?
4
Suppose -6*m + 4*m + 16 = 0. Calculate the remainder when 1*((1 - 1) + 15) is divided by m.
7
Suppose -3*a + 4*k - 8*k - 194 = 0, 316 = -5*a - 3*k. Let r = a + 92. What is the remainder when r is divided by 16?
14
Suppose 2*a = -15 + 17. What is the remainder when 1 is divided by a?
0
Suppose 3*h = 2*h + 18. Let x(r) = -4*r - 1. What is the remainder when 4/(-6)*(6 - h) is divided by x(-1)?
2
Let r = -12 + 0. Suppose 0 = -4*y + 88. What is the remainder when y is divided by 64/r*9/(-6)?
6
Let y = 14 + -10. Let q be ((-15)/(-2))/(2/y). Suppose 4*v + 125 = 5*r, -r - 4*v + q + 10 = 0. What is the remainder when r is divided by 14?
11
Suppose -5*y = -3 - 17, -4*t - 4*y = -72. Calculate the remainder when 39 is divided by t.
11
Suppose 23 = 2*h - 15. What is the remainder when 36 is divided by h?
17
Suppose 0 = -2*r - 3*r + 230. Calculate the remainder when r is divided by 12.
10
Let v be (-3)/(-9)*3*9. Calculate the remainder when 84/v + (-3)/9 is divided by 5.
4
Suppose i = 6*i - 15. Calculate the remainder when i is divided by 3.
0
Let q(k) = -13*k - 3. Let p be q(-2). Let b(j) = -31*j**3 - j - 1. Calculate the remainder when b(-1) is divided by p/2 + (-2)/4.
9
Suppose -4*f + 3*f = -2*q + 36, -2*f - 54 = -3*q. Calculate the remainder when 71 is divided by q.
17
Let x = -18 - -88. What is the remainder when x is divided by 24?
22
Let r be (-1)/(-4) + (-2)/8. Suppose w - 24 + 8 = r. What is the remainder when w is divided by ((-18)/(-2))/(3/2)?
4
Calculate the remainder when 2 is divided by (-10 - -9)/(1/(-2)).
0
Suppose 5*a - 150 = -a. Calculate the remainder when 99 is divided by a.
24
Suppose 25*i = 97 + 53. What is the remainder when 28 is divided by i?
4
Suppose -4*z = -5*r - 74, 5*z = r - 5*r + 113. Calculate the remainder when 62 is divided by z.
20
Suppose -3*d - a = -12, d + 2*a - 9 = -0*d. What is the remainder when 31 - (-2 - (1 - d)) is divided by ((-51)/6)/(1/(-2))?
14
Let m be 108/(-14) - 6/21. What is the remainder when 3 - ((-68 - -3) + 4) is divided by ((-11)/(-2))/((-2)/m)?
20
Let w = -4 - -2. Calculate the remainder when 1 - (3 + w)*0 is divided by 1.
0
Let t = 0 - -1. Let l = 4 + -4. Suppose l = 5*h - 14 + 4. What is the remainder when h is divided by t?
0
Suppose 2*k = -4*a + 48, 4*k - 2*a - 47 = 79. Let j(l) = 11*l. What is the remainder when k is divided by j(1)?
8
Let p(b) = -b**3 - 6*b**2. Let f be p(-6). Suppose -i + 17 = -f*i. Calculate the remainder when 48 is divided by i.
14
Suppose 4*l - 11 - 157 = 0. What is the remainder when 251 is divided by l?
41
Suppose 3*t = 28 + 2. Calculate the remainder when 2/4 + (-198)/(-12) is divided by t.
7
Suppose -4*m = -0*m - 136. Let d(y) = 3*y**2 - 3*y + 1. Let o be d(2). What is the remainder when m is divided by (o - 12/(-4)) + 2?
10
Suppose 0 = v - 3*z + z + 2, 3*v = -5*z + 38. Calculate the remainder when v is divided by 4.
2
Let m = 350 - 332. What is the remainder when (265/15)/((-1)/(-3)) is divided by m?
17
Suppose 0 = 2*i - 4*j - 80, 30 = -4*i - 5*j + 229. Suppose 0*r + g = -r + 20, -r = -3*g - 4. What is the remainder when i is divided by r?
14
Suppose -t = t + 3*u + 2, 5*t = 4*u + 18. Calculate the remainder when 3 is divided by t.
1
Suppose 5*n + 29 = w + 7, -4*w + 156 = -3*n. Suppose 3*t - 50 = 5*p, -3*t + w = -7*p + 4*p. Calculate the remainder when 19 is divided by t.
9
Suppose -5*k + 3*k = -10. Let j(g) = -3*g - g**2 + g**2 + g**2. What is the remainder when 28 is divided by j(k)?
8
What is the remainder when ((-4)/6)/((-1)/39) is divided by 16?
10
Let i(z) = z**3 - 5*z**2 - 5*z - 4. Let r be i(6). Suppose -r*w + 8 = -34. Calculate the remainder when 39 is divided by w.
18
Let r = 27 + -18. What is the remainder when 26 - (0 + 0)*-1 is divided by r?
8
Suppose -50 = -5*j + 25. Let w(i) = -14*i + 2. What is the remainder when w(-4) is divided by j?
13
Let m = -35 - -72. What is the remainder when m is divided by 19?
18
Let a(p) = -2*p**3 - 4*p**2 + 4*p - 3. Calculate the remainder when a(-4) is divided by 23.
22
Suppose 70 = -4*b - a, -3*b + 8*a - 3*a - 64 = 0. What is the remainder when 30 is divided by (-297)/b - 2/4?
14
Suppose 5*q = -3*n + 190, 0 = -q + 1 + 4. What is the remainder when n is divided by 12?
7
Let x(i) = 15*i - 33. What is the remainder when 46 is divided by x(4)?
19
Let r be ((-12)/2)/((-12)/32). Let u = 52 - r. Let d = u - 14. Calculate the remainder when d is divided by 12.
10
Suppose 5*f - 4 = 6. Suppose -4*w - 10 = f. Let p(o) = o**2 - o + 2. What is the remainder when 26 is divided by p(w)?
12
Suppose 0 = b - 4*v + 8, 13 = 4*v + 1. What is the remainder when (-58)/(-6) + (-2)/(-6) is divided by b?
2
Let r be (-2)/3 - (-660)/(-9). Suppose -4*t + 3*t - 5*f = -30, -4*t + 10 = -2*f. What is the remainder when r/(-9) - 4/18 is divided by t?
3
Let r(s) = -s**2 - 11*s + 12. Calculate the remainder when 42 is divided by r(-10).
20
Let g(n) = 51*n. Let p be ((-49)/(-2))/(11/(-22)). Let z = -36 - p. What is the remainder when g(1) is divided by z?
12
Let g(m) be the first derivative of 9/2*m**2 - 10*m - 2. Calculate the remainder when g(7) is divided by 18.
17
Suppose 34 = -5*c + 9. Suppose -4*p + 4*n = 20, -p + 7 = 3*n + 2*n. What is the remainder when 39 is divided by ((-20)/p)/(c/(-15))?
19
Suppose 3*k = 5*k - 34. Suppose 150 + 42 = 4*s. What is the remainder when s is divided by k?
14
Suppose 0 = -3*q + 4*r + 54, -q - 3*r - 4 + 22 = 0. Calculate the remainder when q is divided by 11.
7
Suppose 2*g - 17 - 65 = 0. Calculate the remainder when g is divided by 21.
20
Suppose 4*o + 14 = 3*q, 2 = 4*q - o + 4*o. Calculate the remainder when 8 is divided by q.
0
Suppose -2*i + 104 = -i + 4*z, -3*i = 5*z - 333. Calculate the remainder when i is divided by 40.
36
Let i = -3 - -5. Suppose 4*j - 14 = -i*g, -5*j - 2*g + 19 = g. Suppose -j*m = 5*x - x + 8, 3*m + 4 = -4*x. Calculate the remainder when 11 is divided by m.
3
Suppose -5*i + 9 + 1 = 0. What is the remainder when 13 is divided by (10/8)/(i/8)?
3
Calculate the remainder when 1 + (3 - 2) - -41 is divided by 11.
10
Let i be 0*(2/4 + 0). Suppose -4*r - r + 5 = i. Suppose -5*n - 4 = -3*n - 5*f, -4*n + 3*f + 6 = 0. Calculate the remainder when n is divided by r.
0
Let y(p) = -p**3 - 4*p**2 + 8*p + 9. What is the remainder when y(-6) is divided by 12?
9
Calculate the remainder when (-3)/(-1) - (-4 - -1) is divided by 4.
2
Let i = 86 - 60. Let h = 1 + 0. Calculate the remainder when i is divided by (11 + h)/2 + 1.
5
Let f(q) = 9*q + 1. Calculate the remainder when f(1) is divided by 4.
2
Let y = 26 + 8. Calculate the remainder when 135 is divided by y.
33
Suppose 2*a + w + 22 = 3*a, 4*a - 84 = 3*w. Suppose 7 = -2*p - 7. What is the remainder when a is divided by (-3)/p + 96/21?
3
Suppose -2*z + 38 = -3*s - 6, -2*z + 2*s + 40 = 0. What is the remainder when z is divided by 9?
7
Suppose 0 = 3*b - 8*b + 10. Let u be 2/(-3) + 33/9. Calculate the remainder when (-2)/((-3)/u) - -3 is divided by b.
1
Suppose b - 78 = -2*b. Let i(t) = -t**2 - 5*t + 5. Let v(x) = 6*x**2 + 25*x - 24. Let f(o) = 11*i(o) + 2*v(o). What is the remainder when b is divided by f(5)?
5
Let f = -3 + 3. Let l = 16 + f. What is the remainder when 62 is divided by l?
14
Suppose 0 = 3*p - 141 - 30. Calculate the remainder when p is divided by 20.
17
Let c be (-1)/(-3) + (-16)/3. Calculate the remainder when (-1)/c*-4*-10 is divided by 5.
3
Suppose -u + g - 23 = 4*u, g = -4*u - 22. Let k = u - -19. Suppose -2*b = -32 - 18. Calculate the remainder when b is divided by k.
11
Let d = 0 - -11. Suppose -r + 224 = r. Suppose 3*t - 4*v = 7*t - r, 4*t - 2*v = 124. Calculate the remainder when t is divided by d.
8
Let x = -2 - -4. Suppose 5 = -4*a - 3, -2*r + 3*a + 16 = 0. What is the remainder when r is divided by x?
1
Let d = 109 + -79. Calculate the remainder when 178 is divided by d.
28
Suppose -3*j = -4*t + 25, -j - 6 = -3. Suppose -i - c = -9 - t, 41 = 3*i + 4*c. Calculate the remainder when 0/2 + 21/1 is divided by i.
10
What is the remainder when 77 is divided by 103/206 + ((-78)/(-4) - -1)?
14
Let b(p) = -p**3 + 3*p**2 + 6*p - 4. Suppose 4*x = -z + 7, -3*x - 4*z - 2 = -2*x. Let c = x - -4. C